 of 1398868848.
2, 3, 13, 747259
What are the prime factors of 21636817?
21636817
List the prime factors of 103586388.
2, 3, 23, 89, 4217
List the prime factors of 141101954.
2, 7, 10078711
What are the prime factors of 240194285?
5, 48038857
What are the prime factors of 991752522?
2, 3, 165292087
What are the prime factors of 645389940?
2, 3, 5, 13, 827423
What are the prime factors of 3784462?
2, 11, 172021
What are the prime factors of 72944171?
4721, 15451
What are the prime factors of 54353103?
3, 7, 47, 7867
What are the prime factors of 30763785?
3, 5, 13, 79, 1997
What are the prime factors of 33298320?
2, 3, 5, 11, 12613
List the prime factors of 1556882139.
3, 29, 17895197
What are the prime factors of 154677604?
2, 38669401
What are the prime factors of 7218338099?
7, 1031191157
List the prime factors of 54085539.
3, 83, 2617
What are the prime factors of 832635797?
7, 9973, 11927
List the prime factors of 58531210.
2, 5, 19, 179, 1721
What are the prime factors of 1494659378?
2, 73, 463, 22111
List the prime factors of 110139378.
2, 3, 18356563
List the prime factors of 194821446.
2, 3, 2267, 14323
List the prime factors of 289907696.
2, 13, 389, 3583
List the prime factors of 4228578695.
5, 11, 2843, 27043
What are the prime factors of 93648413?
2293, 40841
List the prime factors of 138848415.
3, 5, 9256561
List the prime factors of 20543064.
2, 3, 457, 1873
What are the prime factors of 12670527?
3, 4223509
What are the prime factors of 5371310?
2, 5, 7, 76733
What are the prime factors of 5706138872?
2, 7, 43, 131, 18089
List the prime factors of 857934609.
3, 7, 40854029
List the prime factors of 2867145311.
26891, 106621
What are the prime factors of 189247655?
5, 17, 1153, 1931
List the prime factors of 1464618921.
3, 4217, 115771
List the prime factors of 2239803691.
53, 42260447
What are the prime factors of 1774791068?
2, 29, 1783, 8581
List the prime factors of 104011966.
2, 19, 2737157
List the prime factors of 32644299.
3, 19, 572707
What are the prime factors of 325175684?
2, 37, 227, 9679
List the prime factors of 523548751.
11, 101, 471241
List the prime factors of 550309909.
131, 409, 10271
What are the prime factors of 468400035?
3, 5, 229, 136361
What are the prime factors of 2958402584?
2, 197, 1877159
What are the prime factors of 198891685?
5, 39778337
List the prime factors of 358143370.
2, 5, 13, 2754949
List the prime factors of 7654110.
2, 3, 5, 255137
What are the prime factors of 586962801?
3, 19, 61, 18757
List the prime factors of 132777250.
2, 5, 67, 7927
What are the prime factors of 213313952?
2, 6666061
List the prime factors of 659317702.
2, 367, 898253
What are the prime factors of 829659052?
2, 359, 577757
What are the prime factors of 6606162981?
3, 11, 97, 229309
What are the prime factors of 172929019?
23, 2081, 3613
List the prime factors of 1717409476.
2, 41, 131, 79939
What are the prime factors of 26724689?
23, 29, 103, 389
List the prime factors of 26074426.
2, 7, 43, 43313
List the prime factors of 9841559.
7, 13, 83, 1303
What are the prime factors of 997594176?
2, 3, 47, 227, 487
What are the prime factors of 821569000?
2, 5, 7, 241, 487
List the prime factors of 1303554839.
1303554839
List the prime factors of 252034791.
3, 19, 293, 15091
What are the prime factors of 107763546?
2, 3, 11, 1632781
What are the prime factors of 3317009206?
2, 7, 3833, 61813
List the prime factors of 279725858.
2, 47, 2975807
List the prime factors of 4335373987.
7, 619339141
List the prime factors of 3871054950.
2, 3, 5, 7, 73, 50503
What are the prime factors of 146692175?
5, 7, 821, 1021
What are the prime factors of 116138990?
2, 5, 11, 1055809
What are the prime factors of 51024297?
3, 443, 38393
What are the prime factors of 260581242?
2, 3, 43430207
What are the prime factors of 306014005?
5, 11, 79, 70429
What are the prime factors of 195089699?
7, 29, 961033
List the prime factors of 690651636.
2, 3, 23, 2502361
List the prime factors of 75314072.
2, 1609, 5851
List the prime factors of 586271598.
2, 3, 11, 29, 157, 1951
What are the prime factors of 1371723152?
2, 85732697
List the prime factors of 670002331.
103, 6504877
What are the prime factors of 323117453?
17, 59, 277, 1163
What are the prime factors of 77321138?
2, 43, 479, 1877
What are the prime factors of 1608871356?
2, 3, 31, 661, 727
What are the prime factors of 65845941?
3, 7, 23, 136327
What are the prime factors of 72899301?
3, 29, 837923
What are the prime factors of 7868136113?
19, 103, 1069, 3761
List the prime factors of 781289741.
59, 13242199
List the prime factors of 8109450.
2, 3, 5, 6007
What are the prime factors of 14588544?
2, 3, 37991
What are the prime factors of 16845154?
2, 23, 366199
What are the prime factors of 72919051?
179, 407369
What are the prime factors of 157900160?
2, 5, 11, 2039
What are the prime factors of 670306388?
2, 23, 1409, 5171
List the prime factors of 566122808.
2, 229, 309019
List the prime factors of 68331634.
2, 7, 1621, 3011
What are the prime factors of 188000384?
2, 11, 13, 10271
What are the prime factors of 21613765?
5, 41, 59, 1787
List the prime factors of 2451839.
13, 188603
What are the prime factors of 12045298?
2, 31, 173, 1123
What are the prime factors of 39727868?
2, 139, 71453
What are the prime factors of 38302708?
2, 19, 503983
List the prime factors of 97526987.
41, 109, 139, 157
List the prime factors of 1794133880.
2, 5, 7, 11, 582511
What are the prime factors of 4726855325?
5, 353, 433, 1237
What are the prime factors of 100545064?
2, 12568133
List the prime factors of 24432387.
3, 7, 127, 9161
List the prime factors of 23965232.
2, 19, 31, 2543
What are the prime factors of 477230808?
2, 3, 19884617
List the prime factors of 125989468.
2, 11, 89, 32173
What are the prime factors of 26422756?
2, 353, 18713
What are the prime factors of 532897758?
2, 3, 9868477
List the prime factors of 713724930.
2, 3, 5, 19, 417383
List the prime factors of 72358761.
3, 24119587
List the prime factors of 892314697.
73, 1033, 11833
List the prime factors of 178956294.
2, 3, 11, 2711459
List the prime factors of 1079137564.
2, 5651, 47741
What are the prime factors of 3885761180?
2, 5, 7, 911, 30467
What are the prime factors of 86695288?
2, 10836911
What are the prime factors of 764403025?
5, 29, 83, 12703
List the prime factors of 222207734.
2, 7, 401, 39581
What are the prime factors of 1697221562?
2, 7673, 110597
What are the prime factors of 4465973085?
3, 5, 7, 19, 557, 4019
What are the prime factors of 53818320?
2, 3, 5, 53, 4231
List the prime factors of 2649243431.
23, 115184497
List the prime factors of 822275746.
2, 41, 10027753
List the prime factors of 332172185.
5, 167, 397811
List the prime factors of 87034713.
3, 17, 29, 83, 709
What are the prime factors of 1816543356?
2, 3, 151378613
List the prime factors of 203255604.
2, 3, 17, 332117
List the prime factors of 3774668014.
2, 13, 29, 5006191
What are the prime factors of 49872652?
2, 12468163
List the prime factors of 2298955683.
3, 277, 2766493
What are the prime factors of 1567925666?
2, 783962833
List the prime factors of 285902452.
2, 11, 409, 15887
List the prime factors of 49068994.
2, 13, 73, 103, 251
List the prime factors of 2114909694.
2, 3, 433, 271351
What are the prime factors of 945361884?
2, 3, 7741, 10177
What are the prime factors of 443632506?
2, 3, 31, 2385121
What are the prime factors of 25355136?
2, 3, 66029
What are the prime factors of 202449538?
2, 929, 108961
List the prime factors of 1749211186.
2, 37, 23637989
What are the prime factors of 218502205?
5, 37, 1181093
List the prime factors of 956537763.
3, 3919, 81359
What are the prime factors of 32039318?
2, 71, 225629
What are the prime factors of 27024439?
13, 193, 10771
List the prime factors of 381744122.
2, 190872061
What are the prime factors of 39248599?
13, 1699, 1777
List the prime factors of 672832831.
11, 61166621
What are the prime factors of 3167329132?
2, 11, 673, 106961
What are the prime factors of 69624623?
69624623
List the prime factors of 87983782.
2, 43991891
What are the prime factors of 85945773?
3, 1153, 24847
List the prime factors of 169553763.
3, 127, 197, 251
What are the prime factors of 472480819?
173